when 76 is divided by 11?
10
Calculate the remainder when 12 is divided by 4.
0
Calculate the remainder when 258 is divided by 42.
6
What is the remainder when 237 is divided by 76?
9
Calculate the remainder when 2099 is divided by 117.
110
What is the remainder when 96 is divided by 35?
26
Calculate the remainder when 157 is divided by 20.
17
What is the remainder when 158 is divided by 9?
5
Calculate the remainder when 221 is divided by 22.
1
What is the remainder when 1082 is divided by 155?
152
Calculate the remainder when 455 is divided by 84.
35
Calculate the remainder when 3438 is divided by 12.
6
What is the remainder when 900 is divided by 129?
126
What is the remainder when 850 is divided by 37?
36
Calculate the remainder when 2314 is divided by 329.
11
Calculate the remainder when 5097 is divided by 150.
147
What is the remainder when 511 is divided by 32?
31
Calculate the remainder when 3897 is divided by 229.
4
Calculate the remainder when 1433 is divided by 35.
33
Calculate the remainder when 1822 is divided by 278.
154
What is the remainder when 451 is divided by 7?
3
Calculate the remainder when 3328 is divided by 98.
94
What is the remainder when 106 is divided by 92?
14
What is the remainder when 385 is divided by 56?
49
Calculate the remainder when 699 is divided by 54.
51
Calculate the remainder when 980 is divided by 4.
0
Calculate the remainder when 85 is divided by 48.
37
What is the remainder when 78 is divided by 54?
24
What is the remainder when 876 is divided by 11?
7
Calculate the remainder when 830 is divided by 410.
10
What is the remainder when 106 is divided by 12?
10
What is the remainder when 198 is divided by 145?
53
What is the remainder when 5765 is divided by 8?
5
Calculate the remainder when 891 is divided by 858.
33
What is the remainder when 1869 is divided by 52?
49
What is the remainder when 424 is divided by 81?
19
Calculate the remainder when 788 is divided by 44.
40
Calculate the remainder when 2320 is divided by 6.
4
What is the remainder when 82 is divided by 70?
12
What is the remainder when 1649 is divided by 22?
21
What is the remainder when 3307 is divided by 78?
31
What is the remainder when 343 is divided by 88?
79
What is the remainder when 256 is divided by 70?
46
What is the remainder when 2098 is divided by 12?
10
What is the remainder when 52 is divided by 9?
7
Calculate the remainder when 451 is divided by 90.
1
What is the remainder when 449 is divided by 15?
14
Calculate the remainder when 260 is divided by 19.
13
Calculate the remainder when 3905 is divided by 23.
18
What is the remainder when 2 is divided by 2?
0
Calculate the remainder when 108 is divided by 16.
12
What is the remainder when 88 is divided by 19?
12
What is the remainder when 209 is divided by 7?
6
Calculate the remainder when 2800 is divided by 6.
4
What is the remainder when 618 is divided by 306?
6
Calculate the remainder when 51 is divided by 9.
6
What is the remainder when 381 is divided by 74?
11
What is the remainder when 11587 is divided by 39?
4
Calculate the remainder when 176 is divided by 28.
8
Calculate the remainder when 244 is divided by 129.
115
What is the remainder when 226 is divided by 87?
52
Calculate the remainder when 425 is divided by 39.
35
Calculate the remainder when 131 is divided by 50.
31
What is the remainder when 2957 is divided by 174?
173
What is the remainder when 249 is divided by 47?
14
Calculate the remainder when 571 is divided by 82.
79
Calculate the remainder when 65 is divided by 6.
5
Calculate the remainder when 736 is divided by 34.
22
Calculate the remainder when 29 is divided by 5.
4
What is the remainder when 669 is divided by 32?
29
Calculate the remainder when 204 is divided by 3.
0
Calculate the remainder when 193 is divided by 7.
4
Calculate the remainder when 4369 is divided by 59.
3
What is the remainder when 1463 is divided by 82?
69
What is the remainder when 90 is divided by 37?
16
Calculate the remainder when 42 is divided by 25.
17
Calculate the remainder when 280 is divided by 17.
8
What is the remainder when 931 is divided by 104?
99
What is the remainder when 241 is divided by 9?
7
Calculate the remainder when 760 is divided by 219.
103
What is the remainder when 271 is divided by 13?
11
Calculate the remainder when 23 is divided by 14.
9
Calculate the remainder when 117 is divided by 18.
9
Calculate the remainder when 769 is divided by 7.
6
What is the remainder when 244 is divided by 70?
34
Calculate the remainder when 14559 is divided by 112.
111
Calculate the remainder when 55 is divided by 15.
10
What is the remainder when 310 is divided by 13?
11
Calculate the remainder when 502 is divided by 72.
70
Calculate the remainder when 159 is divided by 38.
7
Calculate the remainder when 280 is divided by 96.
88
Calculate the remainder when 126 is divided by 112.
14
What is the remainder when 86 is divided by 29?
28
Calculate the remainder when 117 is divided by 56.
5
What is the remainder when 1596 is divided by 32?
28
Calculate the remainder when 1112 is divided by 516.
80
What is the remainder when 63 is divided by 2?
1
Calculate the remainder when 466 is divided by 60.
46
What is the remainder when 111 is divided by 25?
11
Calculate the remainder when 379 is divided by 14.
1
Calculate the remainder when 433 is divided by 153.
127
Calculate the remainder when 619 is divided by 63.
52
Calculate the remainder when 25 is divided by 24.
1
Calculate the remainder when 54 is divided by 11.
10
Calculate the remainder when 277 is divided by 3.
1
What is the remainder when 1825 is divided by 29?
27
What is the remainder when 1246 is divided by 151?
38
Calculate the remainder when 88 is divided by 10.
8
What is the remainder when 162 is divided by 62?
38
What is the remainder when 248 is divided by 79?
11
What is the remainder when 108 is divided by 41?
26
Calculate the remainder when 487 is divided by 52.
19
Calculate the remainder when 73 is divided by 13.
8
What is the remainder when 215 is divided by 124?
91
Calculate the remainder when 10055 is divided by 107.
104
What is the remainder when 506 is divided by 46?
0
What is the remainder when 18429 is divided by 97?
96
What is the remainder when 65 is divided by 22?
21
Calculate the remainder when 32 is divided by 14.
4
Calculate the remainder when 428 is divided by 48.
44
What is the remainder when 17647 is divided by 37?
35
What is the remainder when 1406 is divided by 32?
30
Calculate the remainder when 990 is divided by 225.
90
What is the remainder when 242 is divided by 49?
46
Calculate the remainder when 86 is divided by 35.
16
What is the remainder when 464 is divided by 92?
4
Calculate the remainder when 344 is divided by 15.
14
What is the remainder when 805 is divided by 788?
17
What is the remainder when 3916 is divided by 7?
3
Calculate the remainder when 26 is divided by 19.
7
Calculate the remainder when 267 is divided by 17.
12
What is the remainder when 106 is divided by 22?
18
What is the remainder when 253 is divided by 47?
18
What is the remainder when 10230 is divided by 12?
6
What is the remainder when 620 is divided by 89?
86
What is the remainder when 235 is divided by 60?
55
Calculate the remainder when 1049 is divided by 21.
20
Calculate the remainder when 5614 is divided by 2784.
46
What is the remainder when 209 is divided by 70?
69
Calculate the remainder when 109 is divided by 10.
9
Calculate the remainder when 3094 is divided by 72.
70
What is the remainder when 24 is divided by 9?
6
What is the remainder when 106 is divided by 22?
18
Calculate the remainder when 44 is divided by 23.
21
What is the remainder when 4 is divided by 2?
0
Calculate the remainder when 2025 is divided by 416.
361
What is the remainder when 1014 is divided by 68?
62
Calculate the remainder when 479 is divided by 224.
31
What is the remainder when 56 is divided by 5?
1
Calculate the remainder when 232 is divided by 37.
10
Calculate the remainder when 2699 is divided by 180.
179
What is the remainder when 17250 is divided by 227?
225
What is the remainder when 370 is divided by 29?
22
What is the remainder when 1801 is divided by 57?
34
What is the remainder when 23 is divided by 7?
2
What is the rema